{"id":152,"date":"2020-11-09T20:38:03","date_gmt":"2020-11-09T19:38:03","guid":{"rendered":"http:\/\/solarvelo.ch\/?page_id=152"},"modified":"2022-07-18T17:33:16","modified_gmt":"2022-07-18T15:33:16","slug":"rackpanel-80","status":"publish","type":"page","link":"https:\/\/solarvelo.ch\/?page_id=152","title":{"rendered":"Rackpanel 80"},"content":{"rendered":"\n<p>Die ersten Rackpanels sind fertig zum testen und kaufen!<br>Das sind die Daten:<br>-80Watt Peak Solarpanel mit Back contact Cells (81&#215;53 cm)<br>-Stabiler Carbonrahmen auf Gummipuffer gelagert<br>-Mppt Boost Solarladeregler 97% Wirkungsgrad<br>-Positionslicht hinten und vorne<br>-Epdm Gummi Kantenschutz f\u00fcr maximale Robustheit<br>-F\u00fcr 36v 48v und 52volt Systemspannung geeignet.<br>-3.6 kg Leicht<br>-Passt auch mit Seitentaschen auf jeden Gep\u00e4cktr\u00e4ger<br>&#8211; Kompatibel zu allen 2-Pin Ladesystemen und Bosch (andere Abkl\u00e4rung vor Ort)<br>Aktions Preis: <strong>400F<\/strong>r. Aufpreis Kompatibilit\u00e4t Bosch System +60Fr<\/p>\n\n\n\n<figure class=\"wp-block-image size-large\"><img loading=\"lazy\" decoding=\"async\" width=\"1024\" height=\"768\" src=\"https:\/\/solarvelo.ch\/wp-content\/uploads\/2020\/11\/solarvelo-herbststimmung-1024x768.jpg\" alt=\"\" class=\"wp-image-145\" srcset=\"https:\/\/solarvelo.ch\/wp-content\/uploads\/2020\/11\/solarvelo-herbststimmung-1024x768.jpg 1024w, https:\/\/solarvelo.ch\/wp-content\/uploads\/2020\/11\/solarvelo-herbststimmung-300x225.jpg 300w, https:\/\/solarvelo.ch\/wp-content\/uploads\/2020\/11\/solarvelo-herbststimmung-768x576.jpg 768w, https:\/\/solarvelo.ch\/wp-content\/uploads\/2020\/11\/solarvelo-herbststimmung-1536x1152.jpg 1536w, https:\/\/solarvelo.ch\/wp-content\/uploads\/2020\/11\/solarvelo-herbststimmung-2048x1536.jpg 2048w\" sizes=\"auto, (max-width: 767px) 89vw, (max-width: 1000px) 54vw, (max-width: 1071px) 543px, 580px\" \/><\/figure>\n\n\n\n<figure class=\"wp-block-image size-large\"><img loading=\"lazy\" decoding=\"async\" width=\"1024\" height=\"768\" src=\"https:\/\/solarvelo.ch\/wp-content\/uploads\/2020\/12\/rackpanel-80-von-unten.jpg\" alt=\"\" class=\"wp-image-184\" srcset=\"https:\/\/solarvelo.ch\/wp-content\/uploads\/2020\/12\/rackpanel-80-von-unten.jpg 1024w, https:\/\/solarvelo.ch\/wp-content\/uploads\/2020\/12\/rackpanel-80-von-unten-300x225.jpg 300w, https:\/\/solarvelo.ch\/wp-content\/uploads\/2020\/12\/rackpanel-80-von-unten-768x576.jpg 768w\" sizes=\"auto, (max-width: 767px) 89vw, (max-width: 1000px) 54vw, (max-width: 1071px) 543px, 580px\" \/><\/figure>\n\n\n\n<figure class=\"wp-block-image size-large\"><img loading=\"lazy\" decoding=\"async\" width=\"1024\" height=\"768\" src=\"https:\/\/solarvelo.ch\/wp-content\/uploads\/2020\/10\/Carbon-rahmen-in-bau.jpg\" alt=\"\" class=\"wp-image-128\" srcset=\"https:\/\/solarvelo.ch\/wp-content\/uploads\/2020\/10\/Carbon-rahmen-in-bau.jpg 1024w, https:\/\/solarvelo.ch\/wp-content\/uploads\/2020\/10\/Carbon-rahmen-in-bau-300x225.jpg 300w, https:\/\/solarvelo.ch\/wp-content\/uploads\/2020\/10\/Carbon-rahmen-in-bau-768x576.jpg 768w\" sizes=\"auto, (max-width: 767px) 89vw, (max-width: 1000px) 54vw, (max-width: 1071px) 543px, 580px\" \/><figcaption>Die Konstruktion ist im Gange, die ersten 4 Carbon Rahmen f\u00fcr die RackPanels sind fertig.<\/figcaption><\/figure>\n\n\n\n<p class=\"has-medium-font-size\"><strong><br>Das RackPanel bietet einen einfachen Einstieg in die solare Mobilit\u00e4t<\/strong><\/p>\n\n\n\n<p class=\"has-medium-font-size\">Mit seinen 80Watt Spitzenleistung und einer kompakten Gr\u00f6sse von nur 54x80cm ist es eine einfache und sehr robuste Alltagsl\u00f6sung die auf jeden \u00fcblichen Gep\u00e4cktr\u00e4ger passt.<br><br>Dank der \u00dcberh\u00f6hung von ca. 12 cm muss einzig auf einen Korb verzichtet werden. Taschen Jeglicher Art steht nichts im Weg.<br><br>Was bringt das Panel? Nach S\u00fcden ausgerichtet bringt es an einem sonnigen Sommertag realistischerweise 300-400 wh (ein Standard E-bike Akku hat so um 400-700 Wattstunden)<br>Ich empfehle es f\u00fcr Gelegenheitsfahrer und Ausfl\u00fcgler. Zuhause an einem nicht voll beschatteten Ort parkiert, starten Sie immer mit vollem Akku. W\u00e4hrend des Ausfluges leert sich der Akku langsamer und l\u00e4dt sich,  w\u00e4hrend Sie Pause machen.  Aufmerksamkeit und Gespr\u00e4chsstoff ist Ihnen auf sicher!<\/p>\n\n\n\n<figure class=\"wp-block-image size-large\"><img loading=\"lazy\" decoding=\"async\" width=\"1024\" height=\"768\" src=\"https:\/\/solarvelo.ch\/wp-content\/uploads\/2020\/10\/rack-panel-planen.jpg\" alt=\"\" class=\"wp-image-129\" srcset=\"https:\/\/solarvelo.ch\/wp-content\/uploads\/2020\/10\/rack-panel-planen.jpg 1024w, https:\/\/solarvelo.ch\/wp-content\/uploads\/2020\/10\/rack-panel-planen-300x225.jpg 300w, https:\/\/solarvelo.ch\/wp-content\/uploads\/2020\/10\/rack-panel-planen-768x576.jpg 768w\" sizes=\"auto, (max-width: 767px) 89vw, (max-width: 1000px) 54vw, (max-width: 1071px) 543px, 580px\" \/><figcaption>Planung des Panels<\/figcaption><\/figure>\n\n\n\n<p><\/p>\n","protected":false},"excerpt":{"rendered":"<p>Die ersten Rackpanels sind fertig zum testen und kaufen!Das sind die Daten:-80Watt Peak Solarpanel mit Back contact Cells (81&#215;53 cm)-Stabiler Carbonrahmen auf Gummipuffer gelagert-Mppt Boost Solarladeregler 97% Wirkungsgrad-Positionslicht hinten und vorne-Epdm Gummi Kantenschutz f\u00fcr maximale Robustheit-F\u00fcr 36v 48v und 52volt Systemspannung geeignet.-3.6 kg Leicht-Passt auch mit Seitentaschen auf jeden Gep\u00e4cktr\u00e4ger&#8211; Kompatibel zu allen 2-Pin Ladesystemen &hellip; <\/p>\n<p class=\"link-more\"><a href=\"https:\/\/solarvelo.ch\/?page_id=152\" class=\"more-link\"><span class=\"screen-reader-text\">\u201eRackpanel 80\u201c<\/span> weiterlesen<\/a><\/p>\n","protected":false},"author":1,"featured_media":0,"parent":0,"menu_order":0,"comment_status":"closed","ping_status":"closed","template":"","meta":{"footnotes":""},"class_list":["post-152","page","type-page","status-publish","hentry"],"_links":{"self":[{"href":"https:\/\/solarvelo.ch\/index.php?rest_route=\/wp\/v2\/pages\/152","targetHints":{"allow":["GET"]}}],"collection":[{"href":"https:\/\/solarvelo.ch\/index.php?rest_route=\/wp\/v2\/pages"}],"about":[{"href":"https:\/\/solarvelo.ch\/index.php?rest_route=\/wp\/v2\/types\/page"}],"author":[{"embeddable":true,"href":"https:\/\/solarvelo.ch\/index.php?rest_route=\/wp\/v2\/users\/1"}],"replies":[{"embeddable":true,"href":"https:\/\/solarvelo.ch\/index.php?rest_route=%2Fwp%2Fv2%2Fcomments&post=152"}],"version-history":[{"count":6,"href":"https:\/\/solarvelo.ch\/index.php?rest_route=\/wp\/v2\/pages\/152\/revisions"}],"predecessor-version":[{"id":308,"href":"https:\/\/solarvelo.ch\/index.php?rest_route=\/wp\/v2\/pages\/152\/revisions\/308"}],"wp:attachment":[{"href":"https:\/\/solarvelo.ch\/index.php?rest_route=%2Fwp%2Fv2%2Fmedia&parent=152"}],"curies":[{"name":"wp","href":"https:\/\/api.w.org\/{rel}","templated":true}]}}