{"id":28,"date":"2020-06-22T11:08:19","date_gmt":"2020-06-22T09:08:19","guid":{"rendered":"http:\/\/solarvelo.ch\/?page_id=28"},"modified":"2021-04-26T10:56:16","modified_gmt":"2021-04-26T08:56:16","slug":"solar-velo","status":"publish","type":"page","link":"https:\/\/solarvelo.ch\/?page_id=28","title":{"rendered":"Produkte"},"content":{"rendered":"\n<p>Wie kommt es, dass ich Solarvelos baue?<\/p>\n\n\n\n<div class=\"wp-block-image is-style-default\"><figure class=\"alignleft size-large is-resized\"><img loading=\"lazy\" decoding=\"async\" src=\"https:\/\/solarvelo.ch\/wp-content\/uploads\/2020\/08\/solar-vehicle-explained.jpg\" alt=\"\" class=\"wp-image-89\" width=\"354\" height=\"265\" srcset=\"https:\/\/solarvelo.ch\/wp-content\/uploads\/2020\/08\/solar-vehicle-explained.jpg 1024w, https:\/\/solarvelo.ch\/wp-content\/uploads\/2020\/08\/solar-vehicle-explained-300x225.jpg 300w, https:\/\/solarvelo.ch\/wp-content\/uploads\/2020\/08\/solar-vehicle-explained-768x576.jpg 768w\" sizes=\"auto, (max-width: 354px) 100vw, 354px\" \/><figcaption>Funktionsprinzip: Zeichnung von Mamma ca. 1985<\/figcaption><\/figure><\/div>\n\n\n\n<p>Aufgewachsen bin ich mit Benzin im Blut und Sonne im Tank. Mit einem Vater der gelernter Automechaniker ist, aber Solaranlagen baut und sich viel Zeit f\u00fcr uns Kinder nahm, wurde die Freude an der Technik in die Wiege gelegt.<\/p>\n\n\n\n<p>Als gelernter Lkw Mechaniker der zudem ein halbes Studium in erneuerbarer Energie mit Schwerpunkt Geb\u00e4ude im Rucksack hat, bin ich ein vielseitiger Praktiker.<\/p>\n\n\n\n<p>Ich habe einige Jahre als Techniker bei einem kleinen, feinen E-Bike Hersteller im Emmental gearbeitet, als eines Tages ein Kunde aus dem Welschland nach einer Solar L\u00f6sung f\u00fcr sein Speedped fragte.<\/p>\n\n\n\n<p><br>So kam ich mit dem Suntrip in den Kontakt, meldete mich an und die Ideensammlung startete.<br>Mein Credo: <strong>M\u00f6glichst einfach, mit den bereits vorhanden Ressourcen<\/strong> arbeiten. So habe ich mein alltags E-Bike umgebaut und nicht nach einer extravaganten Basis gesucht.<br><br>Kurz: <strong>Mein Gef\u00e4hrt hat sich f\u00fcr die Reise nach China und auch im Alltag bew\u00e4hrt<\/strong>.<br>Deshalb baue ich an einem weiteren Prototypen. Ausrichtungsschwerpunkt ist dabei die Alltagstauglichkeit. Meine gewonnenen Erfahrungen fliessen voll ein.<\/p>\n\n\n\n<figure class=\"wp-block-image size-large\"><img loading=\"lazy\" decoding=\"async\" width=\"1024\" height=\"576\" src=\"https:\/\/solarvelo.ch\/wp-content\/uploads\/2020\/08\/solar-bike-panel-1.jpg\" alt=\"\" class=\"wp-image-85\" srcset=\"https:\/\/solarvelo.ch\/wp-content\/uploads\/2020\/08\/solar-bike-panel-1.jpg 1024w, https:\/\/solarvelo.ch\/wp-content\/uploads\/2020\/08\/solar-bike-panel-1-300x169.jpg 300w, https:\/\/solarvelo.ch\/wp-content\/uploads\/2020\/08\/solar-bike-panel-1-768x432.jpg 768w\" sizes=\"auto, (max-width: 767px) 89vw, (max-width: 1000px) 54vw, (max-width: 1071px) 543px, 580px\" \/><figcaption>Solardach nr.1 ist fertig, 4&#215;110 Watt peak. Die Konstruktion  war zu flexibel. Zellbr\u00fcche nach 500 Test km. (Auch Waldwege und Offroad)<\/figcaption><\/figure>\n\n\n\n<div class=\"wp-block-image\"><figure class=\"alignleft size-large is-resized\"><img loading=\"lazy\" decoding=\"async\" src=\"https:\/\/solarvelo.ch\/wp-content\/uploads\/2020\/08\/carbon-verarbeitung.jpg\" alt=\"\" class=\"wp-image-79\" width=\"257\" height=\"342\" srcset=\"https:\/\/solarvelo.ch\/wp-content\/uploads\/2020\/08\/carbon-verarbeitung.jpg 768w, https:\/\/solarvelo.ch\/wp-content\/uploads\/2020\/08\/carbon-verarbeitung-225x300.jpg 225w\" sizes=\"auto, (max-width: 257px) 100vw, 257px\" \/><\/figure><\/div>\n\n\n\n<div class=\"wp-block-image\"><figure class=\"alignright size-large is-resized\"><img loading=\"lazy\" decoding=\"async\" src=\"https:\/\/solarvelo.ch\/wp-content\/uploads\/2020\/08\/building-aerodynamic-luggage-rack.jpg\" alt=\"\" class=\"wp-image-77\" width=\"381\" height=\"284\"\/><figcaption>Bau der Gep\u00e4ckbox\/Stehbar aus Sperrholz und Glasfaserst\u00e4ben, danach mit Ballonstoff bespannt.<\/figcaption><\/figure><\/div>\n\n\n\n<figure class=\"wp-block-image size-large\"><img loading=\"lazy\" decoding=\"async\" width=\"1024\" height=\"576\" src=\"https:\/\/solarvelo.ch\/wp-content\/uploads\/2020\/08\/solar-panel-assembling-carbon.jpg\" alt=\"\" class=\"wp-image-86\" srcset=\"https:\/\/solarvelo.ch\/wp-content\/uploads\/2020\/08\/solar-panel-assembling-carbon.jpg 1024w, https:\/\/solarvelo.ch\/wp-content\/uploads\/2020\/08\/solar-panel-assembling-carbon-300x169.jpg 300w, https:\/\/solarvelo.ch\/wp-content\/uploads\/2020\/08\/solar-panel-assembling-carbon-768x432.jpg 768w\" sizes=\"auto, (max-width: 767px) 89vw, (max-width: 1000px) 54vw, (max-width: 1071px) 543px, 580px\" \/><figcaption>Bau des Solardachs: 2.Edition 4&#215;90 watt peak, hat die gesamte Reise, trotz vielen St\u00fcrzen \u00fcberlebt.<\/figcaption><\/figure>\n\n\n\n<p><br><\/p>\n\n\n\n<figure class=\"wp-block-image size-large\"><img loading=\"lazy\" decoding=\"async\" width=\"1024\" height=\"576\" src=\"https:\/\/solarvelo.ch\/wp-content\/uploads\/2020\/08\/test-ride-solar-bike.jpg\" alt=\"\" class=\"wp-image-93\" srcset=\"https:\/\/solarvelo.ch\/wp-content\/uploads\/2020\/08\/test-ride-solar-bike.jpg 1024w, https:\/\/solarvelo.ch\/wp-content\/uploads\/2020\/08\/test-ride-solar-bike-300x169.jpg 300w, https:\/\/solarvelo.ch\/wp-content\/uploads\/2020\/08\/test-ride-solar-bike-768x432.jpg 768w\" sizes=\"auto, (max-width: 767px) 89vw, (max-width: 1000px) 54vw, (max-width: 1071px) 543px, 580px\" \/><figcaption>Erfolgreiche Probefahrt mit dem neuen Solardach (deutlich schwerer als nr.1)<\/figcaption><\/figure>\n","protected":false},"excerpt":{"rendered":"<p>Wie kommt es, dass ich Solarvelos baue? Aufgewachsen bin ich mit Benzin im Blut und Sonne im Tank. Mit einem Vater der gelernter Automechaniker ist, aber Solaranlagen baut und sich viel Zeit f\u00fcr uns Kinder nahm, wurde die Freude an der Technik in die Wiege gelegt. Als gelernter Lkw Mechaniker der zudem ein halbes Studium &hellip; <\/p>\n<p class=\"link-more\"><a href=\"https:\/\/solarvelo.ch\/?page_id=28\" class=\"more-link\"><span class=\"screen-reader-text\">\u201eProdukte\u201c<\/span> weiterlesen<\/a><\/p>\n","protected":false},"author":1,"featured_media":103,"parent":0,"menu_order":0,"comment_status":"closed","ping_status":"closed","template":"","meta":{"footnotes":""},"class_list":["post-28","page","type-page","status-publish","has-post-thumbnail","hentry"],"_links":{"self":[{"href":"https:\/\/solarvelo.ch\/index.php?rest_route=\/wp\/v2\/pages\/28","targetHints":{"allow":["GET"]}}],"collection":[{"href":"https:\/\/solarvelo.ch\/index.php?rest_route=\/wp\/v2\/pages"}],"about":[{"href":"https:\/\/solarvelo.ch\/index.php?rest_route=\/wp\/v2\/types\/page"}],"author":[{"embeddable":true,"href":"https:\/\/solarvelo.ch\/index.php?rest_route=\/wp\/v2\/users\/1"}],"replies":[{"embeddable":true,"href":"https:\/\/solarvelo.ch\/index.php?rest_route=%2Fwp%2Fv2%2Fcomments&post=28"}],"version-history":[{"count":10,"href":"https:\/\/solarvelo.ch\/index.php?rest_route=\/wp\/v2\/pages\/28\/revisions"}],"predecessor-version":[{"id":210,"href":"https:\/\/solarvelo.ch\/index.php?rest_route=\/wp\/v2\/pages\/28\/revisions\/210"}],"wp:featuredmedia":[{"embeddable":true,"href":"https:\/\/solarvelo.ch\/index.php?rest_route=\/wp\/v2\/media\/103"}],"wp:attachment":[{"href":"https:\/\/solarvelo.ch\/index.php?rest_route=%2Fwp%2Fv2%2Fmedia&parent=28"}],"curies":[{"name":"wp","href":"https:\/\/api.w.org\/{rel}","templated":true}]}}